ermine w(-3).
-129
Let h(p) = 1177*p - 30747. Calculate h(25).
-1322
Let b(u) = 16004*u - 2640657. Calculate b(165).
3
Let d(v) = -25633*v - 4613930. Calculate d(-180).
10
Let a(p) = -136*p + 24536. Give a(187).
-896
Let p(c) = -19*c**2 - 191*c + 1386. Determine p(-15).
-24
Let m(l) = 416*l - 130205. Give m(313).
3
Let r(i) = -3*i**2 + 183*i - 899. Calculate r(5).
-59
Let d(u) = -u**3 - 49*u**2 + 247*u + 231. What is d(6)?
-267
Let g(q) = -q**2 + 210*q + 20683. What is g(-73)?
24
Let a(l) = 24*l**2 - 3369*l + 16841. Calculate a(5).
596
Let i(l) = -5*l**3 - 125*l**2 - 114*l + 90. What is i(-24)?
-54
Let o(d) = -14612*d - 28405724. Determine o(-1944).
4
Let j(d) = -22*d + 1725. Determine j(83).
-101
Let y(v) = -2782*v - 408954. Give y(-147).
0
Let b(x) = 8*x**2 + 541*x - 174. Determine b(-66).
-1032
Let n(j) = j**3 + 38*j**2 - 372*j + 22. Give n(-46).
206
Let a(h) = -5*h**3 + 1880*h**2 - 13*h + 4902. Determine a(376).
14
Let f(z) = -238*z + 1332. Calculate f(8).
-572
Let y(a) = a**2 + 176555*a + 4413248. Calculate y(-25).
-2
Let r(v) = v**2 + 133*v - 1099. Calculate r(-143).
331
Let t(z) = -7441*z - 216192. What is t(-29)?
-403
Let p(c) = 2832*c + 79298. What is p(-28)?
2
Let w(g) = -40*g**2 - 1238*g + 68. Calculate w(-31).
6
Let i(d) = 2275*d + 493726. What is i(-217)?
51
Let q(y) = 2306*y + 13871. Determine q(-6).
35
Let z(p) = p**3 - 29*p**2 - 1514*p - 7237. Calculate z(-23).
77
Let f(u) = -83*u**2 + 2*u + 44. Calculate f(3).
-697
Let r(x) = 11*x**3 - x**2 + 6*x - 21. What is r(4)?
691
Let f(r) = 113*r**2 - 21577*r - 1150. Give f(191).
-4
Let i(u) = -1518*u**2 + 21276*u - 340. Give i(14).
-4
Let n(u) = u**3 - 3*u**2 - 299*u + 189. What is n(19)?
284
Let r(p) = p**3 + 729*p**2 - 6633*p - 51. Calculate r(9).
30
Let w(p) = 362*p + 1700. Calculate w(-7).
-834
Let k(b) = -97*b**2 + 46226*b - 25689. Calculate k(476).
15
Let x(a) = -795*a + 13544. Calculate x(17).
29
Let i(y) = -y**2 - 99*y + 9630. Give i(-159).
90
Let a(h) = h**3 + 16*h**2 - 130*h - 278. Calculate a(-21).
247
Let d(o) = 2*o**3 - 52*o**2 + 111*o - 78. Give d(25).
1447
Let d(t) = -40*t + 3784. Determine d(56).
1544
Let d(g) = 44*g**3 - 2136*g**2 - 978*g - 99. Give d(49).
-1
Let j(z) = -15*z**3 - 475*z**2 - 329*z - 597. Calculate j(-31).
-8
Let q(h) = 7*h**2 - 699*h - 2077. Determine q(-3).
83
Let r(x) = -28*x**2 + 629*x + 337. Calculate r(23).
-8
Let t(w) = -381*w + 38116. Calculate t(100).
16
Let m(q) = -829*q + 5418. Give m(7).
-385
Let s(b) = -2*b**3 - 37*b**2 + 69*b + 822. Determine s(-19).
-128
Let p(k) = -k**3 - 4*k**2 - 9*k - 56. Calculate p(-8).
272
Let p(j) = j**2 + 8827*j - 35307. Determine p(4).
17
Let z(i) = 1128*i - 40593. Determine z(36).
15
Let z(v) = -1041*v - 185268. Determine z(-178).
30
Let u(b) = -b**3 - 18*b**2 + 713*b + 13276. What is u(-20)?
-184
Let o(h) = 2*h**3 - 23*h**2 - 246*h - 532. Calculate o(-4).
-44
Let c(x) = 6*x**2 + 4369*x + 64263. What is c(-15)?
78
Let l(c) = -4*c**3 + 4*c**2 - 129*c - 1241. Give l(-8).
2095
Let i(h) = -4714*h - 23511. What is i(-5)?
59
Let k(z) = -15968*z - 6019921. Calculate k(-377).
15
Let f(j) = -2*j**3 + 291*j**2 + 131*j + 795. What is f(146)?
-1395
Let y(l) = -4198*l + 155281. What is y(37)?
-45
Let f(u) = 3*u**2 - 75*u + 673. What is f(19)?
331
Let f(s) = 3618*s + 22043. Calculate f(-6).
335
Let n(f) = 21*f**3 - 17318*f**2 + 11538*f - 1644. Calculate n(824).
4
Let p(x) = 224*x + 3560. Calculate p(-16).
-24
Let g(h) = 14*h**3 - 4888*h**2 + 699*h - 403. Determine g(349).
-54
Let r(q) = -3*q**3 + 35*q**2 + 24*q + 170. Determine r(0).
170
Let r(m) = -m**3 - 77258*m**2 - 386268*m - 7. Calculate r(-5).
8
Let w(j) = -47376*j - 3600569. Calculate w(-76).
7
Let a(y) = 552*y - 91577. Determine a(166).
55
Let p(x) = 1113046*x - 1113040. Determine p(1).
6
Let f(s) = -64*s**3 - 3*s**2 + 133*s - 132. Calculate f(1).
-66
Let m(q) = -4*q**3 - 61*q**2 + 4479*q - 663. Determine m(-42).
-33
Let f(x) = 11459*x - 22974. Give f(2).
-56
Let k(j) = 16*j**2 - 32719*j - 65442. Determine k(-2).
60
Let q(s) = 8*s**2 - 162*s + 1772. Give q(11).
958
Let w(d) = -d**2 - 202253*d - 2629170. Give w(-13).
-50
Let l(m) = 6065*m - 454869. Give l(75).
6
Let f(k) = -601*k - 25265. Determine f(-46).
2381
Let h(z) = 365*z**2 - 1491*z - 1628. Give h(5).
42
Let u(r) = 1723*r + 83088. Calculate u(-48).
384
Let w(p) = -50*p**2 + 3*p - 96. What is w(-4)?
-908
Let r(o) = 70765*o + 495320. Determine r(-7).
-35
Let z(u) = -3*u**2 - 126218*u + 5179984. Calculate z(41).
3
Let h(b) = -212*b - 3084. Calculate h(-33).
3912
Let w(n) = 2*n**3 - 13*n**2 - 15343*n + 92052. What is w(6)?
-42
Let m(v) = 19287*v + 3047339. What is m(-158)?
-7
Let z(s) = -65*s**2 - 255*s - 63. Give z(-4).
-83
Let y(h) = -3*h**3 + 27*h**2 - 3*h + 109. Determine y(9).
82
Let s(q) = -q**3 - 3*q**2 + 445*q - 1730. Give s(4).
-62
Let o(m) = -m**3 + 131*m**2 + 819*m + 517. Give o(137).
106
Let o(y) = 2*y**2 - 4804*y - 1723838. Determine o(-317).
8
Let s(z) = 167459*z - 1004748. Calculate s(6).
6
Let f(v) = 56553*v - 2375216. Give f(42).
10
Let a(i) = 969*i - 2036. What is a(2)?
-98
Let k(n) = 29862*n - 776455. Calculate k(26).
-43
Let q(l) = 31*l - 3123. What is q(86)?
-457
Let l(s) = -s**2 - 2523*s - 1020615. Determine l(-506).
-13
Let o(q) = -68*q - 9720. Calculate o(-145).
140
Let n(k) = -52*k**2 + 1860*k + 422. What is n(36)?
-10
Let r(k) = 119*k**2 - 10928*k - 1818. What is r(92)?
22
Let n(o) = -13*o**2 - 2015*o + 16943. Determine n(8).
-9
Let o(z) = -2*z**2 + 11*z + 656. What is o(-40)?
-2984
Let g(q) = 952*q - 14295. Calculate g(15).
-15
Let q(s) = -81670*s - 163341. Give q(-2).
-1
Let r(t) = 3*t**3 + 55*t**2 - 12672*t - 240049. Calculate r(-19).
-3
Let h(r) = -5*r**2 + 7685*r - 691726. Determine h(96).
-46
Let o(c) = 2*c**3 - 188*c**2 + 697*c - 47515. What is o(93)?
8
Let m(d) = 307*d - 401885. Calculate m(1309).
-22
Let d(p) = p**2 + 109*p - 440. Calculate d(-116).
372
Let y(j) = 2*j**3 - 281*j**2 - 4322*j - 2. Give y(-14).
-58
Let r(y) = -10*y**2 + 273*y - 2365. Determine r(9).
-718
Let n(x) = -3*x**2 + 348*x + 63761. What is n(-99)?
-94
Let h(s) = -107*s**3 + 1285*s**2 - 11*s + 255. What is h(12)?
267
Let k(p) = -3*p**3 + 557*p**2 - 1478*p + 2594. Determine k(183).
32
Let n(v) = 19240*v - 557955. Give n(29).
5
Let k(g) = -7*g**2 - 1234*g - 3341. Determine k(-172).
1819
Let d(k) = -k**3 - 5832*k**2 - 46596*k - 87. Determine d(-8).
-55
Let n(d) = -3292*d + 4556. Give n(1).
1264
Let u(r) = -6*r**3 - 15*r**2 + 17*r + 23. Calculate u(-4).
99
Let b(i) = -7*i**2 - 27*i - 7. What is b(-5)?
-47
Let u(k) = k**3 + 17*k**2 - 221*k - 3211. What is u(-20)?
9
Let z(w) = -w**3 + 2*w**2 - 45*w + 195. Determine z(5).
-105
Let j(o) = -5*o**2 + 138771*o + 20. Determine j(0).
20
Let z(b) = 2*b**3 - 972*b**2 + 867*b + 49641. What is z(485)?
-314
Let k(s) = 666*s**2 + 2371*s + 7094. Determine k(-3).
5975
Let d(v) = -v**3 + 460*v**2 + 29435*v - 1937. Determine d(-57).
1
Let s(j) = -j**3 + 23*j**2 - 15*j - 34. Determine s(22).
120
Let u(x) = -x**3 + 273*x**2 + 855*x - 5200. What is u(276)?
2252
Let p(w) = -10026*w + 160471. Determine p(16).
55
Let w(f) = 61207*f - 33847474. What is w(553)?
-3
Let h(r) = 35198*r + 246366. Give h(-7).
-20
Let c(u) = -u**3 - 15*u**2 - 73*u - 223. What is c(-10)?
7
Let p(s) = 11*s**2 - 725*s - 203. Calculate p(66).
-137
Let c(v) = -2257*v + 162512. Calculate c(72).
8
Let u(g) = -230*g**2 - 219*g - 692. Give u(-3).
-2105
Let o(w) = -26*w**2 - 26*w + 269. Determine o(-11).
-2591
Let u(s) = -3*s**2 + 34627*s - 4856542. Give u(142).
0
Let h(d) = -d**3 + 251*d**2 - 2648*d + 1538. Determine h(240).
-382
Let r(g) = -4*g**2 - 401*g - 1890. Give r(-86).
3012
Let j(g) = -3*g**3 - 220*g**2 + 626*g + 1447. Determine j(-76).
79
Let k(j) = -15*j**3 + 171*j**2 + 48*j - 19. Calculate k(11).
1235
Let a(l) = -56*l**3 + 2522*l**2 + l - 4111. Determine a(45).
-16
Let w(h) = -1833962*h + 11003775. Give w(6).
3
Let t(f) = -815546*f - 2446635. Determine t(-3).
3
Let b(w) = -8*w**2 + 109*w + 27801. Give b(66).
147
Let c(x) = -x**2 + 349*x + 15200. Give c(-39).
68
Let k(h) = -3*h**3 - 72*h**2 - 259*h - 5297. Determine k(-24).
919
Let r(p) = 852*p - 161244. Calculate r(189).
-216
Let y(i) = -7*i**3 - 52*i**2 + 472*i + 3522. Calculate y(-8).
2
Let z(g) = g**3 - 216*g**2 - 1246*g + 506. What is z(-6)?
-10
Let b(q